 10123 - -3?
10126
In base 10, what is 4 + 75867?
75871
In base 16, what is 2e - -2b?
59
In base 11, what is -42aa68 - -1?
-42aa67
In base 14, what is -71b + -23?
-740
In base 14, what is 16 + ad3?
b09
In base 6, what is 31 + -52431?
-52400
In base 9, what is -5 + 433553?
433547
In base 15, what is -153eb - -d?
-153dd
In base 15, what is d079 - 10?
d069
In base 4, what is 0 + -30220002?
-30220002
In base 6, what is 10 + -112045?
-112035
In base 4, what is -13121 + 1022?
-12033
In base 6, what is -20054 + 15?
-20035
In base 7, what is 1 - 161?
-160
In base 16, what is 3a86 + 9?
3a8f
In base 5, what is 24040 - 240?
23300
In base 5, what is -1233012014 - -10?
-1233012004
In base 8, what is 6253535 - -5?
6253542
In base 10, what is 12 - 330?
-318
In base 8, what is 2401 - 2?
2377
In base 3, what is 111102201 + -1022?
111101102
In base 16, what is 1b591 + 0?
1b591
In base 2, what is 1000100010101 + -1000?
1000100001101
In base 9, what is -5 + -5651?
-5656
In base 7, what is 6630654 - 2?
6630652
In base 2, what is 11 + -1010100100011?
-1010100100000
In base 13, what is 0 - 10b64?
-10b64
In base 14, what is 164c9 + 5?
164d0
In base 5, what is 24 - 134?
-110
In base 14, what is 36 - 304?
-2ac
In base 15, what is 67 + 1475?
14dc
In base 14, what is -a + c7c?
c72
In base 16, what is 7ea4 - -8?
7eac
In base 13, what is 85 + -348?
-293
In base 3, what is 1022210 - -110020?
1210000
In base 15, what is 4 + -10baa4?
-10baa0
In base 5, what is -4 - 1210130?
-1210134
In base 4, what is -310030120 - 30?
-310030210
In base 15, what is 485 + 7b2?
c47
In base 14, what is 11d - 12a?
-b
In base 8, what is 6721474 + 3?
6721477
In base 16, what is 5 + -247c3?
-247be
In base 6, what is -1224035 - 2?
-1224041
In base 5, what is 12 + 4210?
4222
In base 13, what is 5a - -174?
201
In base 4, what is -322333 - -20?
-322313
In base 5, what is -12 - -21240032?
21240020
In base 14, what is 15 + -60b?
-5d6
In base 7, what is 22 - 60146?
-60124
In base 10, what is -57 - 2?
-59
In base 14, what is -5 - 355dd?
-35604
In base 15, what is 10c - -55?
162
In base 11, what is -85 + -21786?
-21860
In base 10, what is 80179 + 5?
80184
In base 9, what is -8341 + -5?
-8346
In base 6, what is 131021 + -1222?
125355
In base 11, what is -54702 + 0?
-54702
In base 4, what is 211130 + 33?
211223
In base 7, what is 5 - -110416?
110424
In base 9, what is 24862 + 12?
24874
In base 2, what is 1110011000 - -110000001000?
111110100000
In base 7, what is 4066 + -436?
3330
In base 3, what is 0 + 22011212211?
22011212211
In base 2, what is -11101111100001 + 101?
-11101111011100
In base 3, what is -111112 - 212221?
-1101110
In base 10, what is 129889 + -2?
129887
In base 13, what is -45 + 1b4a?
1b05
In base 5, what is -113 - 1333?
-2001
In base 6, what is -152 - -21245?
21053
In base 14, what is -3 + 2404?
2401
In base 9, what is 8023 + -1?
8022
In base 8, what is 3 + -51074?
-51071
In base 5, what is -1 - -3241033?
3241032
In base 12, what is -54 - 16a6?
-173a
In base 4, what is -3121120 + 12?
-3121102
In base 3, what is 1021010202 + -10?
1021010122
In base 8, what is 1 - -13162?
13163
In base 9, what is -4112 + -661?
-4773
In base 3, what is 1211120 - -2100101?
11011221
In base 5, what is -13 - -34431?
34413
In base 7, what is 1045232 - 1?
1045231
In base 6, what is -4441144 + -3?
-4441151
In base 13, what is 37 - 2086?
-204c
In base 12, what is 2b018 + 4?
2b020
In base 15, what is -680d - -17?
-67e6
In base 6, what is -113 - 50314?
-50431
In base 12, what is -2 - -23569?
23567
In base 2, what is -100 - 1101110101011?
-1101110101111
In base 16, what is 30e87 + -d?
30e7a
In base 2, what is -1000000010 - 101100?
-1000101110
In base 4, what is 1 - 300012310?
-300012303
In base 10, what is 253 - 348?
-95
In base 13, what is -28b - -865?
5a7
In base 16, what is -5 + -b6d57?
-b6d5c
In base 9, what is 154352 - 0?
154352
In base 7, what is 22461644 + 5?
22461652
In base 16, what is 18 + -157?
-13f
In base 3, what is 201 - -101021001?
101021202
In base 2, what is 100110001001101011101 - -11?
100110001001101100000
In base 7, what is 334400 + 4?
334404
In base 15, what is bd - 21?
9c
In base 14, what is -1c2501 - -3?
-1c24dc
In base 7, what is -1 + 112552?
112551
In base 14, what is -12 + b3c0?
b3ac
In base 15, what is 18d531 - 4?
18d52c
In base 9, what is -3846750 - 0?
-3846750
In base 12, what is -84bb + -10?
-850b
In base 11, what is -a693 - 0?
-a693
In base 5, what is -22 - 10423024?
-10423101
In base 3, what is 1 - 10202010021?
-10202010020
In base 16, what is b7d75 + 3?
b7d78
In base 13, what is -37 - 254?
-28b
In base 2, what is 11011011 + -1011010?
10000001
In base 10, what is 43 + -808?
-765
In base 2, what is 100011011 + -10001?
100001010
In base 12, what is -3 + -105126?
-105129
In base 13, what is -a - c1c4?
-c201
In base 2, what is 0 - -110000101101110?
110000101101110
In base 4, what is 13 - -202201313?
202201332
In base 13, what is a4 + c02?
ca6
In base 8, what is 556 - -317?
1075
In base 2, what is 100001100 + 10000100000?
10100101100
In base 7, what is 3 + -455000?
-454664
In base 13, what is 2 - -bb0a?
bb0c
In base 2, what is -1011 - 101010011001?
-101010100100
In base 15, what is -53886 + 8?
-5387d
In base 14, what is 27b490 - 0?
27b490
In base 3, what is -200211 + -1002212?
-1210200
In base 9, what is -433 + -1470?
-2013
In base 2, what is -1000100 + 1011?
-111001
In base 2, what is 10 - -100111101100010110?
100111101100011000
In base 3, what is 0 + -10112212200222?
-10112212200222
In base 14, what is 0 - 691b?
-691b
In base 14, what is -ab15 - 5?
-ab1a
In base 9, what is 25 - -161872?
162007
In base 15, what is -75 - -1071d?
10698
In base 8, what is -2 - 74765?
-74767
In base 8, what is -5 + 125103?
125076
In base 13, what is -5c69a + 2?
-5c698
In base 6, what is -1033 - -305?
-324
In base 8, what is 237045 + 2?
237047
In base 16, what is b - -74e0?
74eb
In base 2, what is -1010 - 1110110101100?
-1110110110110
In base 15, what is -7a - -1bc?
142
In base 13, what is 3 + -2b124?
-2b121
In base 14, what is -1 - -4240?
423d
In base 9, what is 51208 - -41?
51250
In base 11, what is 12430 - 5?
12426
In base 15, what is 3 - 38c1?
-38bd
In base 8, what is 33370 - -106?
33476
In base 14, what is -52679 + -2?
-5267b
In base 5, what is 442034 - -13?
442102
In base 12, what is -15652 - 1?
-15653
In base 7, what is 3646 - 113?
3533
In base 8, what is 1111423 + -3?
1111420
In base 10, what is -654 - -414?
-240
In base 6, what is 0 - 15530?
-15530
In base 11, what is -150 - 155?
-2a5
In base 14, what is -2 - -56ca9?
56ca7
In base 5, what is 220 + 23422?
24142
In base 7, what is 46 - 6506?
-6430
In base 5, what is 2203 + 4?
2212
In base 3, what is -2102122 - -11200?
-2020222
In base 9, what is 2247037 + 1?
2247038
In base 15, what is -d + 1786?
1778
In base 5, what is 14331214 - -4?
14331223
In base 4, what is -10333122 - -21?
-10333101
In base 11, what is 3a - 28?
12
In base 15, what is -1154 + 360?
-ce4
In base 5, what is -13223120 + -3?
-13223123
In base 13, what is -3928 - -159?
-379c
In base 16, what is 6fec + -2?
6fea
In base 3, what is -121102 - -12?
-121020
In base 5, what is 4301210 + 2?
4301212
In base 16, what is -4 + ed3c?
ed38
In base 11, what is 45 - -a08?
a52
In base 16, what is -f - 1018b?
-1019a
In base 13, what is -70 - 7c?
-11c
In base 2, what is -100 - 1010101110010100110?
-1010101110010101010
In base 2, what is 1100110 - 1000111000?
-111010010
In base 2, what is 100001100001010010 - 0?
100001100001010010
In base 5, what is 202342 + 10310?
213202
In base 6, what is 3 - -1140330?
1140333
In base 7, what is -1420402 - 3?
-1420405
In base 8, what is -141 + 21?
-120
In base 10, what is -29498 + 35?
-29463
In base 15, what is 0 - -50c73?
50c73
In base 14, what is -2b - -ad02?
acb5
In base 12, what is -168 + 378?
210
In base 7, what is 11153 - -1045?
12231
In base 15, what is -8ede - 4b?
-903a
In base 4, what is -1221200203 - -10?
-1221200133
In base 8, what is -2 + 6612?
6610
In base 2, what is -1001100010000 - 1001111?
-1001101011111
In base 5, what is -10 - -10423241?
10423231
In base 5, what is 221441100 + -1?
221441044
In base 5, what is 0 - 101314?
-101314
In base 8, what is -5 + -25612?
-25617
In base 5, what is -1 - 22223141?
-22223142
In base 9, what is 1 - -57730?
57731
In base 5